{"id":1169,"date":"2018-03-30T16:22:34","date_gmt":"2018-03-30T16:22:34","guid":{"rendered":"http:\/\/blog.schattengrenzen.de\/?page_id=1169"},"modified":"2023-01-29T15:05:52","modified_gmt":"2023-01-29T15:05:52","slug":"nights-end","status":"publish","type":"page","link":"https:\/\/www.schattengrenzen.de\/?page_id=1169","title":{"rendered":"Night&#8217;s End"},"content":{"rendered":"<p>Die Gay-Fantasy-Reihe setzt 250 Jahre vor <em>Die Stadt der Maschinenmagie<\/em> ein. Hier sind Aycol\u00e9n und Luca, Nebencharaktere aus Die Seelenlosen, die Protagonisten.<br \/>\nDas erste Buch m\u00f6chte ich in diesem Jahr \u00fcberarbeiten und ver\u00f6ffentlichen.<\/p>\n<p>Genre: High Fantasy, Gay, Romance<br \/>\nZielgruppe: ab 16 Jahren<br \/>\nErscheinungstermin: vrs. 2018<br \/>\nVerlag: &#8211;<\/p>\n","protected":false},"excerpt":{"rendered":"<p>Die Gay-Fantasy-Reihe setzt 250 Jahre vor Die Stadt der Maschinenmagie ein. Hier sind Aycol\u00e9n und Luca, Nebencharaktere aus Die Seelenlosen, die Protagonisten. Das erste Buch m\u00f6chte ich in diesem Jahr \u00fcberarbeiten und ver\u00f6ffentlichen. Genre: High Fantasy, Gay, Romance Zielgruppe: ab 16 Jahren Erscheinungstermin: vrs. 2018 Verlag: &#8211;<\/p>\n","protected":false},"author":1,"featured_media":0,"parent":1096,"menu_order":5,"comment_status":"closed","ping_status":"closed","template":"","meta":{"footnotes":""},"class_list":["post-1169","page","type-page","status-publish","hentry"],"jetpack_sharing_enabled":true,"_links":{"self":[{"href":"https:\/\/www.schattengrenzen.de\/index.php?rest_route=\/wp\/v2\/pages\/1169","targetHints":{"allow":["GET"]}}],"collection":[{"href":"https:\/\/www.schattengrenzen.de\/index.php?rest_route=\/wp\/v2\/pages"}],"about":[{"href":"https:\/\/www.schattengrenzen.de\/index.php?rest_route=\/wp\/v2\/types\/page"}],"author":[{"embeddable":true,"href":"https:\/\/www.schattengrenzen.de\/index.php?rest_route=\/wp\/v2\/users\/1"}],"replies":[{"embeddable":true,"href":"https:\/\/www.schattengrenzen.de\/index.php?rest_route=%2Fwp%2Fv2%2Fcomments&post=1169"}],"version-history":[{"count":1,"href":"https:\/\/www.schattengrenzen.de\/index.php?rest_route=\/wp\/v2\/pages\/1169\/revisions"}],"predecessor-version":[{"id":1172,"href":"https:\/\/www.schattengrenzen.de\/index.php?rest_route=\/wp\/v2\/pages\/1169\/revisions\/1172"}],"up":[{"embeddable":true,"href":"https:\/\/www.schattengrenzen.de\/index.php?rest_route=\/wp\/v2\/pages\/1096"}],"wp:attachment":[{"href":"https:\/\/www.schattengrenzen.de\/index.php?rest_route=%2Fwp%2Fv2%2Fmedia&parent=1169"}],"curies":[{"name":"wp","href":"https:\/\/api.w.org\/{rel}","templated":true}]}}

<p>Die Gay-Fantasy-Reihe setzt 250 Jahre vor <em>Die Stadt der Maschinenmagie</em> ein. Hier sind Aycolén und Luca, Nebencharaktere aus Die Seelenlosen, die Protagonisten.<br />
Das erste Buch möchte ich in diesem Jahr überarbeiten und veröffentlichen.</p>
<p>Genre: High Fantasy, Gay, Romance<br />
Zielgruppe: ab 16 Jahren<br />
Erscheinungstermin: vrs. 2018<br />
Verlag: &#8211;</p>

<p>Die Gay-Fantasy-Reihe setzt 250 Jahre vor Die Stadt der Maschinenmagie ein. Hier sind Aycolén und Luca, Nebencharaktere aus Die Seelenlosen, die Protagonisten. Das erste Buch möchte ich in diesem Jahr überarbeiten und veröffentlichen. Genre: High Fantasy, Gay, Romance Zielgruppe: ab 16 Jahren Erscheinungstermin: vrs. 2018 Verlag: &#8211;</p>
