{"id":1163,"date":"2018-03-30T16:03:30","date_gmt":"2018-03-30T16:03:30","guid":{"rendered":"http:\/\/blog.schattengrenzen.de\/?page_id=1163"},"modified":"2023-01-29T15:06:57","modified_gmt":"2023-01-29T15:06:57","slug":"9mm","status":"publish","type":"page","link":"https:\/\/www.schattengrenzen.de\/?page_id=1163","title":{"rendered":"9mm"},"content":{"rendered":"<figure id=\"attachment_1600\" aria-describedby=\"caption-attachment-1600\" style=\"width: 212px\" class=\"wp-caption alignleft\"><img loading=\"lazy\" decoding=\"async\" class=\"size-medium wp-image-1600\" src=\"https:\/\/www.schattengrenzen.de\/wp-content\/uploads\/2020\/06\/Schwei\u00df-und-Blut-212x300.jpg\" alt=\"\" width=\"212\" height=\"300\" srcset=\"https:\/\/www.schattengrenzen.de\/wp-content\/uploads\/2020\/06\/Schwei\u00df-und-Blut-212x300.jpg 212w, https:\/\/www.schattengrenzen.de\/wp-content\/uploads\/2020\/06\/Schwei\u00df-und-Blut-722x1024.jpg 722w, https:\/\/www.schattengrenzen.de\/wp-content\/uploads\/2020\/06\/Schwei\u00df-und-Blut-768x1089.jpg 768w, https:\/\/www.schattengrenzen.de\/wp-content\/uploads\/2020\/06\/Schwei\u00df-und-Blut-600x851.jpg 600w, https:\/\/www.schattengrenzen.de\/wp-content\/uploads\/2020\/06\/Schwei\u00df-und-Blut.jpg 987w\" sizes=\"auto, (max-width: 212px) 100vw, 212px\" \/><figcaption id=\"caption-attachment-1600\" class=\"wp-caption-text\">Schwei\u00df und Blut<\/figcaption><\/figure>\n<p><em>9mm<\/em> ist eine reine Krimi \/ Thriller-Reihe, in der der erste Band Schwei\u00df und Blut von mir geschrieben wurde. Das zweite Buch hat meine Frau Juliane Seidel geschrieben. Der Roman \u00fcberschneidet sich am Ende mit Schwei\u00df und Blut. Die Reihe setzt sich mit Verborgener Feind fort, der erheblich l\u00e4nger ist als seine beiden Vorg\u00e4nger.<\/p>\n<p><strong>Klappentext:<\/strong> Als Christoph den jungen Punk Jens als Anhalter in seinem Truck mitnimmt, ahnt er bereits, dass er einen Fehler begangen hat. Sein Verdacht best\u00e4tigt sich bald: Jens ist auf der Flucht vor der Polizei. Doch auch Christoph ist nicht der, der er vorgibt zu sein. Zwischen den beiden gef\u00e4hrlichen M\u00e4nnern entsteht eine explosive Atmosph\u00e4re, die droht, sich auf gewaltt\u00e4gige Art zu entladen.<\/p>\n<p><a href=\"https:\/\/www.amazon.de\/gp\/product\/B019EBKMK8\" target=\"_blank\" rel=\"noopener noreferrer\">Amazon Kindle<\/a><br \/>\n<a href=\"https:\/\/www.amazon.de\/9mm-Schwei%C3%9F-Blut-Tanja-Meurer\/dp\/3945934575\" target=\"_blank\" rel=\"noopener noreferrer\">Amazon Print<br \/>\n<\/a><a href=\"https:\/\/www.deadsoft.de\/unser-sortiment\/gesamtsortiment\/krimithriller\/213\/9mm-schweiss-und-blut?c=3\" target=\"_blank\" rel=\"noopener noreferrer\">Dead Soft Print<br \/>\n<\/a><a href=\"https:\/\/www.schattengrenzen.de\/?p=1594\" target=\"_blank\" rel=\"noopener noreferrer\">Dead Soft ePub<br \/>\n<\/a><a href=\"https:\/\/www.deadsoft.de\/unser-sortiment\/gesamtsortiment\/krimithriller\/213\/9mm-schweiss-und-blut?c=11\" target=\"_blank\" rel=\"noopener noreferrer\">Dead Soft PDF<\/a><\/p>\n<div class=\"page-content\">\n<article class=\"col-md-12 item-page\">Genre: Krimi \/ Thriller, Gay, Romance<br \/>\nZielgruppe: ab 18 Jahren<br \/>\nErscheinungstermin: ab 2015<br \/>\nVerlag: <a href=\"http:\/\/www.deadsoft.de\/\">Dead Soft<\/a>Der Anschlussband besteht bereits zu zwei Dritteln, muss aber vor Ver\u00f6ffentlichung fertiggestellt und \u00fcberarbeitet werden.<\/article>\n<\/div>\n<p>&nbsp;<\/p>\n<footer id=\"colophon\" class=\"site-footer\" role=\"contentinfo\">\n<div class=\"footer-boxes\">\n<div class=\"\"><\/div>\n<\/div>\n<\/footer>\n","protected":false},"excerpt":{"rendered":"<p>9mm ist eine reine Krimi \/ Thriller-Reihe, in der der erste Band Schwei\u00df und Blut von mir geschrieben wurde. Das zweite Buch hat meine Frau Juliane Seidel geschrieben. Der Roman \u00fcberschneidet sich am Ende mit Schwei\u00df und Blut. Die Reihe setzt sich mit Verborgener Feind fort, der erheblich l\u00e4nger ist als seine beiden Vorg\u00e4nger. Klappentext:&#8230;<\/p>\n","protected":false},"author":1,"featured_media":0,"parent":1096,"menu_order":3,"comment_status":"closed","ping_status":"closed","template":"","meta":{"footnotes":""},"class_list":["post-1163","page","type-page","status-publish","hentry"],"jetpack_sharing_enabled":true,"_links":{"self":[{"href":"https:\/\/www.schattengrenzen.de\/index.php?rest_route=\/wp\/v2\/pages\/1163","targetHints":{"allow":["GET"]}}],"collection":[{"href":"https:\/\/www.schattengrenzen.de\/index.php?rest_route=\/wp\/v2\/pages"}],"about":[{"href":"https:\/\/www.schattengrenzen.de\/index.php?rest_route=\/wp\/v2\/types\/page"}],"author":[{"embeddable":true,"href":"https:\/\/www.schattengrenzen.de\/index.php?rest_route=\/wp\/v2\/users\/1"}],"replies":[{"embeddable":true,"href":"https:\/\/www.schattengrenzen.de\/index.php?rest_route=%2Fwp%2Fv2%2Fcomments&post=1163"}],"version-history":[{"count":3,"href":"https:\/\/www.schattengrenzen.de\/index.php?rest_route=\/wp\/v2\/pages\/1163\/revisions"}],"predecessor-version":[{"id":1601,"href":"https:\/\/www.schattengrenzen.de\/index.php?rest_route=\/wp\/v2\/pages\/1163\/revisions\/1601"}],"up":[{"embeddable":true,"href":"https:\/\/www.schattengrenzen.de\/index.php?rest_route=\/wp\/v2\/pages\/1096"}],"wp:attachment":[{"href":"https:\/\/www.schattengrenzen.de\/index.php?rest_route=%2Fwp%2Fv2%2Fmedia&parent=1163"}],"curies":[{"name":"wp","href":"https:\/\/api.w.org\/{rel}","templated":true}]}}

<figure id="attachment_1600" aria-describedby="caption-attachment-1600" style="width: 212px" class="wp-caption alignleft"><img loading="lazy" decoding="async" class="size-medium wp-image-1600" src="https://www.schattengrenzen.de/wp-content/uploads/2020/06/Schweiß-und-Blut-212x300.jpg" alt="" width="212" height="300" srcset="https://www.schattengrenzen.de/wp-content/uploads/2020/06/Schweiß-und-Blut-212x300.jpg 212w, https://www.schattengrenzen.de/wp-content/uploads/2020/06/Schweiß-und-Blut-722x1024.jpg 722w, https://www.schattengrenzen.de/wp-content/uploads/2020/06/Schweiß-und-Blut-768x1089.jpg 768w, https://www.schattengrenzen.de/wp-content/uploads/2020/06/Schweiß-und-Blut-600x851.jpg 600w, https://www.schattengrenzen.de/wp-content/uploads/2020/06/Schweiß-und-Blut.jpg 987w" sizes="auto, (max-width: 212px) 100vw, 212px" /><figcaption id="caption-attachment-1600" class="wp-caption-text">Schweiß und Blut</figcaption></figure>
<p><em>9mm</em> ist eine reine Krimi / Thriller-Reihe, in der der erste Band Schweiß und Blut von mir geschrieben wurde. Das zweite Buch hat meine Frau Juliane Seidel geschrieben. Der Roman überschneidet sich am Ende mit Schweiß und Blut. Die Reihe setzt sich mit Verborgener Feind fort, der erheblich länger ist als seine beiden Vorgänger.</p>
<p><strong>Klappentext:</strong> Als Christoph den jungen Punk Jens als Anhalter in seinem Truck mitnimmt, ahnt er bereits, dass er einen Fehler begangen hat. Sein Verdacht bestätigt sich bald: Jens ist auf der Flucht vor der Polizei. Doch auch Christoph ist nicht der, der er vorgibt zu sein. Zwischen den beiden gefährlichen Männern entsteht eine explosive Atmosphäre, die droht, sich auf gewalttägige Art zu entladen.</p>
<p><a href="https://www.amazon.de/gp/product/B019EBKMK8" target="_blank" rel="noopener noreferrer">Amazon Kindle</a><br />
<a href="https://www.amazon.de/9mm-Schwei%C3%9F-Blut-Tanja-Meurer/dp/3945934575" target="_blank" rel="noopener noreferrer">Amazon Print<br />
</a><a href="https://www.deadsoft.de/unser-sortiment/gesamtsortiment/krimithriller/213/9mm-schweiss-und-blut?c=3" target="_blank" rel="noopener noreferrer">Dead Soft Print<br />
</a><a href="https://www.schattengrenzen.de/?p=1594" target="_blank" rel="noopener noreferrer">Dead Soft ePub<br />
</a><a href="https://www.deadsoft.de/unser-sortiment/gesamtsortiment/krimithriller/213/9mm-schweiss-und-blut?c=11" target="_blank" rel="noopener noreferrer">Dead Soft PDF</a></p>
<div class="page-content">
<article class="col-md-12 item-page">Genre: Krimi / Thriller, Gay, Romance<br />
Zielgruppe: ab 18 Jahren<br />
Erscheinungstermin: ab 2015<br />
Verlag: <a href="http://www.deadsoft.de/">Dead Soft</a>Der Anschlussband besteht bereits zu zwei Dritteln, muss aber vor Veröffentlichung fertiggestellt und überarbeitet werden.</article>
</div>
<p>&nbsp;</p>
<footer id="colophon" class="site-footer" role="contentinfo">
<div class="footer-boxes">
<div class=""></div>
</div>
</footer>

<p>9mm ist eine reine Krimi / Thriller-Reihe, in der der erste Band Schweiß und Blut von mir geschrieben wurde. Das zweite Buch hat meine Frau Juliane Seidel geschrieben. Der Roman überschneidet sich am Ende mit Schweiß und Blut. Die Reihe setzt sich mit Verborgener Feind fort, der erheblich länger ist als seine beiden Vorgänger. Klappentext:&#8230;</p>
