{"id":1161,"date":"2018-03-30T15:57:38","date_gmt":"2018-03-30T15:57:38","guid":{"rendered":"http:\/\/blog.schattengrenzen.de\/?page_id=1161"},"modified":"2023-10-13T15:54:32","modified_gmt":"2023-10-13T15:54:32","slug":"die-stadt-der-maschinenmagie","status":"publish","type":"page","link":"https:\/\/www.schattengrenzen.de\/?page_id=1161","title":{"rendered":"Die Stadt der Maschinenmagie"},"content":{"rendered":"<p>Die Reihe Stadt der Maschinenmagie ist eine Gay-Fantasyreihe und ist in einer Welt angesiedelt, die dem franz\u00f6sischen Barock gleicht, aber auch die ersten Anf\u00e4nge der industriellen Revolution wiederspiegelt. Verspielt gehen die Mechaniker mit ihren kleinen Kunstwerken um, dennoch gibt es auch Maschinen, die die Fabriken unterst\u00fctzen. Zugleich lebt die Magie in all ihrer Pracht. Mechanik und Zauberkunst k\u00e4mpfen um die Vorherrschaft und Berechtigung in der Welt \u00c4os.<br \/>\nIm Zentrum dessen stehen der Commandant Gwenael Chabod, einem Kriegsveteranen, dem die Aufgabe zuf\u00e4llt in etwa die Position eines Kriminalrats in der Freistadt Valvermont zu \u00fcbernehmen, der geh\u00f6rnte Dieb Jaleel, einem jungen Querkopf, der immer auf dem schmalen Grat zwischen Legalit\u00e4t und Illiegalit\u00e4t ballanciert, der alkohlabh\u00e4ngige Capitaine Antoine Laribe, sein Sergeant Rim Brunot, einem Schweren\u00f6ter mit zwergischen Wurzeln, der W\u00e4scherin Marianne Vacaque, die man besser sehr ernst nehmen sollte und Ma\u00eetre Shion, einem Magier, der einzigen zuverl\u00e4ssigen Zauber-Unterst\u00fctzung.<br \/>\nDie Romane setzen rund 250 Jahre nach Night&#8217;s End an.<\/p>\n<p>Genre: Steamfantasy-Krimi, Gay, Romance<br \/>\nZielgruppe: ab 18 Jahren<br \/>\nErscheinungstermin der Neuauflage Band 1: 2017<br \/>\nVerlag: <a href=\"http:\/\/www.deadsoft.de\/\">Dead Soft<\/a><\/p>\n<p><strong>Die Seelenlosen: Stadt der Maschinenmagie 1<\/strong><\/p>\n<figure id=\"attachment_1440\" aria-describedby=\"caption-attachment-1440\" style=\"width: 212px\" class=\"wp-caption alignleft\"><img loading=\"lazy\" decoding=\"async\" class=\"wp-image-1440 size-medium\" src=\"https:\/\/www.schattengrenzen.de\/wp-content\/uploads\/2020\/02\/Die-Seelenlosen-Cover-klein-212x300.jpg\" alt=\"Die Seelenlosen\" width=\"212\" height=\"300\" srcset=\"https:\/\/www.schattengrenzen.de\/wp-content\/uploads\/2020\/02\/Die-Seelenlosen-Cover-klein-212x300.jpg 212w, https:\/\/www.schattengrenzen.de\/wp-content\/uploads\/2020\/02\/Die-Seelenlosen-Cover-klein.jpg 353w\" sizes=\"auto, (max-width: 212px) 100vw, 212px\" \/><figcaption id=\"caption-attachment-1440\" class=\"wp-caption-text\"><strong>Die Seelenlosen<\/strong><\/figcaption><\/figure>\n<p><strong> Klappentext<\/strong><strong>:<\/strong><\/p>\n<p>Valvermont war einst die Heimat des Kriegsveteranen Gwenael Chabod, der zum Commandanten \u00fcber die Garnisonen der Stadt berufen ist. Sein Geliebter Orin, ein ehrw\u00fcrdiger Priester orcischer Abstammung, ist an seiner Seite, als sich vor Gwenaels Augen ein Mann in eine seelenlose Kreatur verwandelt. Kurz darauf wird eine junge Frau get\u00f6tet. Einziger Augenzeuge ist der Dieb Jaleel. Sein Bericht deckt Grauenvolles auf \u2013 und bringt sein eigenes Leben in Gefahr. Gemeinsam mit neuen Freunden und Verb\u00fcndeten jagt Gwenael den finsteren Geist, der von Valvermont Besitz ergriffen hat. Nicht ahnend, wie nah ihm die Dunkelheit bereits ist. An seiner Seite Jaleel, der in ihm die widerspr\u00fcchlichsten Gef\u00fchle hervorruft.<\/p>\n<p>Leseprobe &#8220;<strong>Die Seelenlosen<\/strong>&#8220;: <strong><a href=\"https:\/\/www.schattengrenzen.de\/wp-content\/uploads\/2020\/06\/Die-Seelenlosen_-Die-Stadt-der-Tanja-Meurer.pdf\" target=\"_blank\" rel=\"noopener noreferrer\">PDF<\/a>, <\/strong><a href=\"http:\/\/vee-jas.de\/Die%20Seelenlosen_%20Die%20Stadt%20der%20-%20Tanja%20Meurer.mobi\" target=\"_blank\" rel=\"noopener noreferrer\"><strong>Mobi<\/strong><\/a>, <a href=\"http:\/\/vee-jas.de\/Die%20Seelenlosen_%20Die%20Stadt%20der%20-%20Tanja%20Meurer.epub\" target=\"_blank\" rel=\"noopener noreferrer\"><strong>ePub<\/strong><\/a><\/p>\n<p>&nbsp;<\/p>\n<p><strong>Angaben zum Buch<\/strong><br \/>\nTaschenbuch, 704 Seiten<br \/>\nISBN Printausgabe: 978-3960890720<br \/>\nVerlag: <a href=\"http:\/\/www.deadsoft.de\/\">Dead Soft<\/a><br \/>\nASIN: B01MT6PCMS<br \/>\nErscheinungstermin: 06.01.2017 Neuerscheinung DeadSoft)<\/p>\n<p>Preis eBook: 6,99 \u20ac<br \/>\nPreis Print: 16,00 \u20ac<\/p>\n<p><a href=\"https:\/\/www.deadsoft.de\/unser-sortiment\/gesamtsortiment\/fantasyparanormal-romance\/277\/die-seelenlosen-die-stadt-der-maschinenmagie-1?c=3\" target=\"_blank\" rel=\"noopener\">DeadSoft<\/a>, <a href=\"https:\/\/www.amazon.de\/Die-Seelenlosen-Stadt-Maschinenmagie-ebook\/dp\/B01MT6PCMS\" target=\"_blank\" rel=\"noopener\">Amazon eBook<\/a>, <a href=\"https:\/\/www.amazon.de\/Die-Seelenlosen-Stadt-Maschinenmagie\/dp\/3945569028\" target=\"_blank\" rel=\"noopener\">Amazon Printausgabe<\/a><\/p>\n<p><strong>Die Seelenlosen: Stadt der Maschinenmagie 1<\/strong><\/p>\n<figure id=\"attachment_1451\" aria-describedby=\"caption-attachment-1451\" style=\"width: 212px\" class=\"wp-caption alignleft\"><img loading=\"lazy\" decoding=\"async\" class=\"size-medium wp-image-1451\" src=\"https:\/\/www.schattengrenzen.de\/wp-content\/uploads\/2020\/03\/Die-K\u00f6rperlosen_kl-212x300.jpg\" alt=\"\" width=\"212\" height=\"300\" srcset=\"https:\/\/www.schattengrenzen.de\/wp-content\/uploads\/2020\/03\/Die-K\u00f6rperlosen_kl-212x300.jpg 212w, https:\/\/www.schattengrenzen.de\/wp-content\/uploads\/2020\/03\/Die-K\u00f6rperlosen_kl.jpg 494w\" sizes=\"auto, (max-width: 212px) 100vw, 212px\" \/><figcaption id=\"caption-attachment-1451\" class=\"wp-caption-text\"><strong>Die K\u00f6rperlosen<\/strong><\/figcaption><\/figure>\n<p><strong>Klappentext:<\/strong><\/p>\n<p>Hinter den Mauern der ausgebrannten Anstalt <em>Jarvaise<\/em> lauert die Finsternis und unter der Stadt schl\u00e4gt ihr mechanisches Herz. Jaleel, Gwenael und seine Schwester Desir\u00e9e begegnen dem Ursprung der Experimente um Stahl und Lebensenergie: Jarvaise Cordellier, einem Leichnam, der von seiner Tochter Ga\u00eblle durch gestohlene Seelenkraft am Leben erhalten wird. Aber der Tod von Jarvaise und seiner Tochter ist nicht das Ende. Ga\u00eblles Netzwerk ist weitreichend. Weiterhin sterben Menschen und Valvermont wird binnen einer Nacht von Fleischpuppen \u00fcberrannt. Gwenael wei\u00df, dass er mit seinen Gef\u00e4hrten gegen die Zeit arbeitet, denn die Maschinerie unter der Stadt hat sich verselbstst\u00e4ndigt und das dunkle Herz beginnt wieder zu schlagen.<\/p>\n<p>Leseprobe &#8220;<strong>Die K\u00f6rperlosen<\/strong>&#8220;: <strong><a href=\"https:\/\/www.schattengrenzen.de\/wp-content\/uploads\/2020\/06\/Die-Korperlosen_-Die-Stadt-der-Tanja-Meurer.pdf\" target=\"_blank\" rel=\"noopener noreferrer\">PDF,\u00a0<\/a><\/strong><strong><a href=\"http:\/\/vee-jas.de\/Die%20Korperlosen_%20Die%20Stadt%20der%20-%20Tanja%20Meurer.mobi\" target=\"_blank\" rel=\"noopener noreferrer\">Mobi,\u00a0<\/a><\/strong><a href=\"http:\/\/vee-jas.de\/Die%20Korperlosen_%20Die%20Stadt%20der%20-%20Tanja%20Meurer.epub\" target=\"_blank\" rel=\"noopener noreferrer\"><strong>ePub<\/strong><\/a><\/p>\n<p><strong>Angaben zum Buch<\/strong><\/p>\n<p>Taschenbuch, 540 Seiten<br \/>\nISBN Printausgabe: 978-3-96089-374-5<br \/>\nASIN: B08B4XRDCN<br \/>\nErscheinungstermin: 12.06.2020<\/p>\n<p>Preis Print: 14,95 EUR<br \/>\nPreis eBook: 7,99 EUR<\/p>\n<p><a href=\"https:\/\/www.deadsoft.de\/unser-sortiment\/gesamtsortiment\/fantasyparanormal-romance\/439\/die-koerperlosen?c=3\" target=\"_blank\" rel=\"noopener\">DeadSoft<\/a>, <a href=\"https:\/\/www.amazon.de\/Die-K%C3%B6rperlosen-Stadt-Maschinenmagie-ebook\/dp\/B08B4XRDCN\" target=\"_blank\" rel=\"noopener\">Amazon eBook<\/a>, <a href=\"https:\/\/www.amazon.de\/Die-K%C3%B6rperlosen-Stadt-Maschinenmagie\/dp\/3960893760\" target=\"_blank\" rel=\"noopener\">Amazon Printausgabe<\/a><\/p>\n<p><strong>In Arbeit:<\/strong><br \/>\n\u2013 \u00c8lodie<\/p>\n","protected":false},"excerpt":{"rendered":"<p>Die Reihe Stadt der Maschinenmagie ist eine Gay-Fantasyreihe und ist in einer Welt angesiedelt, die dem franz\u00f6sischen Barock gleicht, aber auch die ersten Anf\u00e4nge der industriellen Revolution wiederspiegelt. Verspielt gehen die Mechaniker mit ihren kleinen Kunstwerken um, dennoch gibt es auch Maschinen, die die Fabriken unterst\u00fctzen. Zugleich lebt die Magie in all ihrer Pracht. Mechanik&#8230;<\/p>\n","protected":false},"author":1,"featured_media":0,"parent":1096,"menu_order":2,"comment_status":"closed","ping_status":"closed","template":"","meta":{"footnotes":""},"class_list":["post-1161","page","type-page","status-publish","hentry"],"jetpack_sharing_enabled":true,"_links":{"self":[{"href":"https:\/\/www.schattengrenzen.de\/index.php?rest_route=\/wp\/v2\/pages\/1161","targetHints":{"allow":["GET"]}}],"collection":[{"href":"https:\/\/www.schattengrenzen.de\/index.php?rest_route=\/wp\/v2\/pages"}],"about":[{"href":"https:\/\/www.schattengrenzen.de\/index.php?rest_route=\/wp\/v2\/types\/page"}],"author":[{"embeddable":true,"href":"https:\/\/www.schattengrenzen.de\/index.php?rest_route=\/wp\/v2\/users\/1"}],"replies":[{"embeddable":true,"href":"https:\/\/www.schattengrenzen.de\/index.php?rest_route=%2Fwp%2Fv2%2Fcomments&post=1161"}],"version-history":[{"count":18,"href":"https:\/\/www.schattengrenzen.de\/index.php?rest_route=\/wp\/v2\/pages\/1161\/revisions"}],"predecessor-version":[{"id":1700,"href":"https:\/\/www.schattengrenzen.de\/index.php?rest_route=\/wp\/v2\/pages\/1161\/revisions\/1700"}],"up":[{"embeddable":true,"href":"https:\/\/www.schattengrenzen.de\/index.php?rest_route=\/wp\/v2\/pages\/1096"}],"wp:attachment":[{"href":"https:\/\/www.schattengrenzen.de\/index.php?rest_route=%2Fwp%2Fv2%2Fmedia&parent=1161"}],"curies":[{"name":"wp","href":"https:\/\/api.w.org\/{rel}","templated":true}]}}

<p>Die Reihe Stadt der Maschinenmagie ist eine Gay-Fantasyreihe und ist in einer Welt angesiedelt, die dem französischen Barock gleicht, aber auch die ersten Anfänge der industriellen Revolution wiederspiegelt. Verspielt gehen die Mechaniker mit ihren kleinen Kunstwerken um, dennoch gibt es auch Maschinen, die die Fabriken unterstützen. Zugleich lebt die Magie in all ihrer Pracht. Mechanik und Zauberkunst kämpfen um die Vorherrschaft und Berechtigung in der Welt Äos.<br />
Im Zentrum dessen stehen der Commandant Gwenael Chabod, einem Kriegsveteranen, dem die Aufgabe zufällt in etwa die Position eines Kriminalrats in der Freistadt Valvermont zu übernehmen, der gehörnte Dieb Jaleel, einem jungen Querkopf, der immer auf dem schmalen Grat zwischen Legalität und Illiegalität ballanciert, der alkohlabhängige Capitaine Antoine Laribe, sein Sergeant Rim Brunot, einem Schwerenöter mit zwergischen Wurzeln, der Wäscherin Marianne Vacaque, die man besser sehr ernst nehmen sollte und Maître Shion, einem Magier, der einzigen zuverlässigen Zauber-Unterstützung.<br />
Die Romane setzen rund 250 Jahre nach Night&#8217;s End an.</p>
<p>Genre: Steamfantasy-Krimi, Gay, Romance<br />
Zielgruppe: ab 18 Jahren<br />
Erscheinungstermin der Neuauflage Band 1: 2017<br />
Verlag: <a href="http://www.deadsoft.de/">Dead Soft</a></p>
<p><strong>Die Seelenlosen: Stadt der Maschinenmagie 1</strong></p>
<figure id="attachment_1440" aria-describedby="caption-attachment-1440" style="width: 212px" class="wp-caption alignleft"><img loading="lazy" decoding="async" class="wp-image-1440 size-medium" src="https://www.schattengrenzen.de/wp-content/uploads/2020/02/Die-Seelenlosen-Cover-klein-212x300.jpg" alt="Die Seelenlosen" width="212" height="300" srcset="https://www.schattengrenzen.de/wp-content/uploads/2020/02/Die-Seelenlosen-Cover-klein-212x300.jpg 212w, https://www.schattengrenzen.de/wp-content/uploads/2020/02/Die-Seelenlosen-Cover-klein.jpg 353w" sizes="auto, (max-width: 212px) 100vw, 212px" /><figcaption id="caption-attachment-1440" class="wp-caption-text"><strong>Die Seelenlosen</strong></figcaption></figure>
<p><strong> Klappentext</strong><strong>:</strong></p>
<p>Valvermont war einst die Heimat des Kriegsveteranen Gwenael Chabod, der zum Commandanten über die Garnisonen der Stadt berufen ist. Sein Geliebter Orin, ein ehrwürdiger Priester orcischer Abstammung, ist an seiner Seite, als sich vor Gwenaels Augen ein Mann in eine seelenlose Kreatur verwandelt. Kurz darauf wird eine junge Frau getötet. Einziger Augenzeuge ist der Dieb Jaleel. Sein Bericht deckt Grauenvolles auf – und bringt sein eigenes Leben in Gefahr. Gemeinsam mit neuen Freunden und Verbündeten jagt Gwenael den finsteren Geist, der von Valvermont Besitz ergriffen hat. Nicht ahnend, wie nah ihm die Dunkelheit bereits ist. An seiner Seite Jaleel, der in ihm die widersprüchlichsten Gefühle hervorruft.</p>
<p>Leseprobe &#8220;<strong>Die Seelenlosen</strong>&#8220;: <strong><a href="https://www.schattengrenzen.de/wp-content/uploads/2020/06/Die-Seelenlosen_-Die-Stadt-der-Tanja-Meurer.pdf" target="_blank" rel="noopener noreferrer">PDF</a>, </strong><a href="http://vee-jas.de/Die%20Seelenlosen_%20Die%20Stadt%20der%20-%20Tanja%20Meurer.mobi" target="_blank" rel="noopener noreferrer"><strong>Mobi</strong></a>, <a href="http://vee-jas.de/Die%20Seelenlosen_%20Die%20Stadt%20der%20-%20Tanja%20Meurer.epub" target="_blank" rel="noopener noreferrer"><strong>ePub</strong></a></p>
<p>&nbsp;</p>
<p><strong>Angaben zum Buch</strong><br />
Taschenbuch, 704 Seiten<br />
ISBN Printausgabe: 978-3960890720<br />
Verlag: <a href="http://www.deadsoft.de/">Dead Soft</a><br />
ASIN: B01MT6PCMS<br />
Erscheinungstermin: 06.01.2017 Neuerscheinung DeadSoft)</p>
<p>Preis eBook: 6,99 €<br />
Preis Print: 16,00 €</p>
<p><a href="https://www.deadsoft.de/unser-sortiment/gesamtsortiment/fantasyparanormal-romance/277/die-seelenlosen-die-stadt-der-maschinenmagie-1?c=3" target="_blank" rel="noopener">DeadSoft</a>, <a href="https://www.amazon.de/Die-Seelenlosen-Stadt-Maschinenmagie-ebook/dp/B01MT6PCMS" target="_blank" rel="noopener">Amazon eBook</a>, <a href="https://www.amazon.de/Die-Seelenlosen-Stadt-Maschinenmagie/dp/3945569028" target="_blank" rel="noopener">Amazon Printausgabe</a></p>
<p><strong>Die Seelenlosen: Stadt der Maschinenmagie 1</strong></p>
<figure id="attachment_1451" aria-describedby="caption-attachment-1451" style="width: 212px" class="wp-caption alignleft"><img loading="lazy" decoding="async" class="size-medium wp-image-1451" src="https://www.schattengrenzen.de/wp-content/uploads/2020/03/Die-Körperlosen_kl-212x300.jpg" alt="" width="212" height="300" srcset="https://www.schattengrenzen.de/wp-content/uploads/2020/03/Die-Körperlosen_kl-212x300.jpg 212w, https://www.schattengrenzen.de/wp-content/uploads/2020/03/Die-Körperlosen_kl.jpg 494w" sizes="auto, (max-width: 212px) 100vw, 212px" /><figcaption id="caption-attachment-1451" class="wp-caption-text"><strong>Die Körperlosen</strong></figcaption></figure>
<p><strong>Klappentext:</strong></p>
<p>Hinter den Mauern der ausgebrannten Anstalt <em>Jarvaise</em> lauert die Finsternis und unter der Stadt schlägt ihr mechanisches Herz. Jaleel, Gwenael und seine Schwester Desirée begegnen dem Ursprung der Experimente um Stahl und Lebensenergie: Jarvaise Cordellier, einem Leichnam, der von seiner Tochter Gaëlle durch gestohlene Seelenkraft am Leben erhalten wird. Aber der Tod von Jarvaise und seiner Tochter ist nicht das Ende. Gaëlles Netzwerk ist weitreichend. Weiterhin sterben Menschen und Valvermont wird binnen einer Nacht von Fleischpuppen überrannt. Gwenael weiß, dass er mit seinen Gefährten gegen die Zeit arbeitet, denn die Maschinerie unter der Stadt hat sich verselbstständigt und das dunkle Herz beginnt wieder zu schlagen.</p>
<p>Leseprobe &#8220;<strong>Die Körperlosen</strong>&#8220;: <strong><a href="https://www.schattengrenzen.de/wp-content/uploads/2020/06/Die-Korperlosen_-Die-Stadt-der-Tanja-Meurer.pdf" target="_blank" rel="noopener noreferrer">PDF, </a></strong><strong><a href="http://vee-jas.de/Die%20Korperlosen_%20Die%20Stadt%20der%20-%20Tanja%20Meurer.mobi" target="_blank" rel="noopener noreferrer">Mobi, </a></strong><a href="http://vee-jas.de/Die%20Korperlosen_%20Die%20Stadt%20der%20-%20Tanja%20Meurer.epub" target="_blank" rel="noopener noreferrer"><strong>ePub</strong></a></p>
<p><strong>Angaben zum Buch</strong></p>
<p>Taschenbuch, 540 Seiten<br />
ISBN Printausgabe: 978-3-96089-374-5<br />
ASIN: B08B4XRDCN<br />
Erscheinungstermin: 12.06.2020</p>
<p>Preis Print: 14,95 EUR<br />
Preis eBook: 7,99 EUR</p>
<p><a href="https://www.deadsoft.de/unser-sortiment/gesamtsortiment/fantasyparanormal-romance/439/die-koerperlosen?c=3" target="_blank" rel="noopener">DeadSoft</a>, <a href="https://www.amazon.de/Die-K%C3%B6rperlosen-Stadt-Maschinenmagie-ebook/dp/B08B4XRDCN" target="_blank" rel="noopener">Amazon eBook</a>, <a href="https://www.amazon.de/Die-K%C3%B6rperlosen-Stadt-Maschinenmagie/dp/3960893760" target="_blank" rel="noopener">Amazon Printausgabe</a></p>
<p><strong>In Arbeit:</strong><br />
– Èlodie</p>

<p>Die Reihe Stadt der Maschinenmagie ist eine Gay-Fantasyreihe und ist in einer Welt angesiedelt, die dem französischen Barock gleicht, aber auch die ersten Anfänge der industriellen Revolution wiederspiegelt. Verspielt gehen die Mechaniker mit ihren kleinen Kunstwerken um, dennoch gibt es auch Maschinen, die die Fabriken unterstützen. Zugleich lebt die Magie in all ihrer Pracht. Mechanik&#8230;</p>
