{"id":1158,"date":"2018-03-30T15:36:15","date_gmt":"2018-03-30T15:36:15","guid":{"rendered":"http:\/\/blog.schattengrenzen.de\/?page_id=1158"},"modified":"2024-04-10T08:09:40","modified_gmt":"2024-04-10T08:09:40","slug":"schattengrenzen","status":"publish","type":"page","link":"https:\/\/www.schattengrenzen.de\/?page_id=1158","title":{"rendered":"Schattengrenzen"},"content":{"rendered":"<p><em><strong>Schattengrenzen<\/strong><\/em> ist eine Mystery-Thriller-Reihe, deren Anfang der Einzelband <em><strong>Glasseelen<\/strong> <\/em>gemacht hat. 2010 entstand die erste Version des Romans im Auftrag einer Literaturagentur mit der Vorgabe, dass das Buch in Berlin spielen sollte und die Location der Museumsinsel und der Berliner Unterwelten vorkommen sollten. Nach vielen von der Agentur\u00a0abgelehnten Basis-Ideen, stand die Grundstory um das Geheimnis des Serienm\u00f6rders &#8220;Sandmann&#8221; (nach E.T.A. Hoffmanns &#8220;Der Sandmann&#8221;). Erstmalig erschien die Geschichte um Camilla, Theresa und Christoph 2013 bei Bookshouse.<\/p>\n<p><em><strong>Der Rebell<\/strong> <\/em>kam im gleichen Jahr heraus und schlie\u00dft an das Buch an, allerdings mit anderen Protagonisten. Oliver und Daniel befinden sich inmitten eines Geisterhaus-Krimis. Camilla und Christoph spielen eine untergeordnete Rolle. Dem Buch schlie\u00dft sich die Fortsetzung zum Rebell an, an der ich derzeit schreibe.<\/p>\n<p>Es gab eine sehr lange Wartezeit zum dritten und vierten Band. 2023 sind letztlich die beiden B\u00fccher <strong>Grenzg\u00e4nger<\/strong> und <strong>Freigeist<\/strong> erschienen. Hierin wird die Geschichte aus <strong>Der Rebell<\/strong>, um Oliver und sein Erbe, vor allem aber um den Fall Hoffmann, beendet. Allerdings nehme ich am Ende des Romans Freigeist eine weitere Geschichte auf, genaugenommen sogar zwei. Eine wird sich um die Freunde von Oliver drehen, die Br\u00fcder Till und Tim, die andere um Daniel. lasst euch also \u00fcberraschen.<\/p>\n<p>Genre: Mystery-Thriller, Horror, Krimi, Romance, queer (gay \/ lesbian \/ bi)<br \/>\nZielgruppe: ab 16 Jahren<br \/>\nErscheinungstermin der Neuauflagen: ab 2017<br \/>\nVerlag Glasseelen: Selfpublishing (eBook) \/\u00a0 <a href=\"http:\/\/www.roterdrache.org\/\">Edition Roter Drache<\/a> (Taschenbuch)<br \/>\nVerlag Der Rebell \/ Grenzg\u00e4nger \/ Freigeist: <a href=\"http:\/\/www.homolittera.com\/deutsch\/\">HOMO Littera<\/a><\/p>\n<p><strong>Glasseelen: Schattengrenzen 1<\/strong><\/p>\n<figure id=\"attachment_1186\" aria-describedby=\"caption-attachment-1186\" style=\"width: 212px\" class=\"wp-caption alignleft\"><img loading=\"lazy\" decoding=\"async\" class=\"size-medium wp-image-1186\" src=\"https:\/\/www.schattengrenzen.de\/wp-content\/uploads\/2018\/03\/Glasseelen-212x300.jpg\" alt=\"Glasseelen - Schattengrenzen 1\" width=\"212\" height=\"300\" srcset=\"https:\/\/www.schattengrenzen.de\/wp-content\/uploads\/2018\/03\/Glasseelen-212x300.jpg 212w, https:\/\/www.schattengrenzen.de\/wp-content\/uploads\/2018\/03\/Glasseelen-600x850.jpg 600w, https:\/\/www.schattengrenzen.de\/wp-content\/uploads\/2018\/03\/Glasseelen.jpg 678w\" sizes=\"auto, (max-width: 212px) 100vw, 212px\" \/><figcaption id=\"caption-attachment-1186\" class=\"wp-caption-text\">Layout Edition Roter Drache 2017<\/figcaption><\/figure>\n<p><strong>Klappentext:<\/strong> Vor Camilla und Theresa st\u00fcrzt sich ein Mann vom Dach des Pergamonmuseums zu Tode. Seine Augen l\u00f6sen sich in Staub auf, und aus seiner Hand rollen blutige Aug\u00e4pfel sowie ein antikes Fernrohr. War es Selbstmord?<br \/>\nTheresa schw\u00f6rt, dass sie kurz zuvor auf dem Dach einen ungeheuren, missgestalteten Mann<\/p>\n<figure id=\"attachment_1426\" aria-describedby=\"caption-attachment-1426\" style=\"width: 201px\" class=\"wp-caption alignright\"><img loading=\"lazy\" decoding=\"async\" class=\"size-medium wp-image-1426\" src=\"https:\/\/www.schattengrenzen.de\/wp-content\/uploads\/2019\/10\/rz_Glasseelen1_fin-201x300.jpg\" alt=\"Glasseelen - Schattengrenzn 1\" width=\"201\" height=\"300\" srcset=\"https:\/\/www.schattengrenzen.de\/wp-content\/uploads\/2019\/10\/rz_Glasseelen1_fin-201x300.jpg 201w, https:\/\/www.schattengrenzen.de\/wp-content\/uploads\/2019\/10\/rz_Glasseelen1_fin-600x894.jpg 600w, https:\/\/www.schattengrenzen.de\/wp-content\/uploads\/2019\/10\/rz_Glasseelen1_fin-687x1024.jpg 687w, https:\/\/www.schattengrenzen.de\/wp-content\/uploads\/2019\/10\/rz_Glasseelen1_fin.jpg 731w\" sizes=\"auto, (max-width: 201px) 100vw, 201px\" \/><figcaption id=\"caption-attachment-1426\" class=\"wp-caption-text\">Coverdesign: Manuela Ancutici 2019<\/figcaption><\/figure>\n<p>wahrgenommen hatte, der den vermeintlichen Selbstm\u00f6rder gesto\u00dfen hat. Dabei gibt es eine unheimliche Parallele zwischen dem vermeintlichen Selbstm\u00f6rder und den Opfern eines Serienkillers, der in Berlin sein Unwesen treibt: herausgeschnittene Augen.<br \/>\nObwohl sich Camilla und Theresa unter der Betreuung der Polizei in Sicherheit w\u00e4hnen, nimmt der Serienkiller sie ins Visier, und wenig sp\u00e4ter verschwindet Theresa spurlos. Ist sie geflohen, weil sie sich von Andreas Grimm, dem ermittelnden Oberkommissar, bedr\u00e4ngt f\u00fchlte, oder wurde sie Opfer des Serienm\u00f6rders? Camilla versucht, ihre Freundin auf eigene Faust zu finden und dem Geheimnis auf die Spur zu kommen. Mit dem Namen \u201eSandmann\u201c bekommt sie einen entscheidenden Hinweis, doch der Killer ist nicht leicht zu \u00fcberlisten. Von Panik getrieben, ger\u00e4t Camilla in die Unterwelt der Hauptstadt und st\u00f6\u00dft dort auf r\u00e4tselhafte Menschen.<br \/>\nTief unter der Stadt wird w\u00e4hrendessen wieder die ausgeweidete, augenlose Leiche einer Frau entdeckt \u2013 Theresa.<\/p>\n<p><strong>Angaben zum Buch<\/strong><br \/>\nVerlag: Edition roter Drache<br \/>\nTaschenbuch, 424 Seiten, Ma\u00dfe: 14.7 x 3.5 x 21.0<br \/>\nISBN Printausgabe: 3946425313<br \/>\nASIN: \u200eB0784DS6PJ<br \/>\nErscheinungstermin: 22.11.2017<\/p>\n<p>Preis eBook: 3,49 \u20ac<br \/>\nPreis Print: 16,95 \u20ac<\/p>\n<p><a href=\"https:\/\/www.roterdrache.org\/catalog\/Belletristik-Roman-Satire\/Glasseelen::183.html\">Edition Roter Drache<\/a>,\u00a0<a href=\"https:\/\/www.amazon.de\/Glasseelen-Schattengrenzen-1-Tanja-Meurer-ebook\/dp\/B0784DS6PJ\">Amazon eBook<\/a>,\u00a0<a href=\"https:\/\/www.amazon.de\/Glasseelen-Tanja-Meurer\/dp\/3946425313\">Amazon Printausgabe<\/a><\/p>\n<p><strong>Besonderheit: Das eBook hat ein anderes Cover (von Manuela Ancutici)<\/strong><\/p>\n<p><strong>Der Rebell: Schattengrenzen 2<\/strong><\/p>\n<figure id=\"attachment_1240\" aria-describedby=\"caption-attachment-1240\" style=\"width: 206px\" class=\"wp-caption alignleft\"><img loading=\"lazy\" decoding=\"async\" class=\"size-medium wp-image-1240\" src=\"https:\/\/www.schattengrenzen.de\/wp-content\/uploads\/2018\/04\/Cover_Der_Rebell-206x300.png\" alt=\"Der Rebell - Schattengrenzen 2\" width=\"206\" height=\"300\" srcset=\"https:\/\/www.schattengrenzen.de\/wp-content\/uploads\/2018\/04\/Cover_Der_Rebell-206x300.png 206w, https:\/\/www.schattengrenzen.de\/wp-content\/uploads\/2018\/04\/Cover_Der_Rebell-600x875.png 600w, https:\/\/www.schattengrenzen.de\/wp-content\/uploads\/2018\/04\/Cover_Der_Rebell.png 617w\" sizes=\"auto, (max-width: 206px) 100vw, 206px\" \/><figcaption id=\"caption-attachment-1240\" class=\"wp-caption-text\">Der Rebell \u00a9HOMO Littera 2018<\/figcaption><\/figure>\n<p><strong>Klappentext:<\/strong> Der 16-j\u00e4hrige Oliver und seine j\u00fcngeren Br\u00fcder Christian und Michael \u00fcberleben nur knapp ein Massaker. Ihr Vater ermordet nicht nur ihre Mutter, sondern auch zwei weitere Geschwister. Das Motiv scheint auf der Hand zu liegen: Untreue. Aber Oliver will daran nicht glauben, insbesondere, als auf Christian ein weiterer Anschlag ver\u00fcbt wird. Unter Verdacht steht ihr Gro\u00dfvater, der einzige angebliche Verwandte, der ihre Vormundschaft \u00fcbernehmen soll. In seinem Haus werden mehrere Tote gefunden, doch die Leichen liegen bereits seit 70 Jahren dort. Die F\u00e4lle scheinen nichts miteinander zu tun zu haben, allerdings will Oliver nicht an Zuf\u00e4lle glauben. Gemeinsam mit dem unerfahrenen Kommissar Daniel Kuhn und dem \u00fcberreizten Matthias Habicht versucht er Parallelen in den F\u00e4llen zu finden. Doch schon bald wird klar, dass sie trotz Polizeischutzes nicht sicher sind, denn ihre Gegner scheinen nicht unter den Lebenden zu weilen \u2026<\/p>\n<p><a href=\"https:\/\/www.dropbox.com\/s\/wo0fbq8qjhexanj\/Leseprobe%20Der%20Rebell.pdf?dl=0\" target=\"_blank\" rel=\"noopener noreferrer\"><strong>&#8220;Der Rebell&#8221; &#8211; Leseprobe<\/strong><\/a><\/p>\n<p><strong>Angaben zum Buch<\/strong><br \/>\nTaschenbuch, 416 Seiten, Ma\u00dfe: 14,8*21<br \/>\nISBN Printausgabe: 978-3-903238-10-7<br \/>\nISBN pdf: 978-3-903238-11-4<br \/>\nISBN ePub: 978-3-903238-12-1<br \/>\nErscheinungstermin: 11.06.2018<\/p>\n<p>Preis eBook: 7,99 \u20ac<br \/>\nPreis Print: 16,00 \u20ac<\/p>\n<p><a href=\"https:\/\/www.homolittera.com\/deutsch\/Werke\/Der_Rebell.php\">Homo Littera<\/a>,\u00a0<a href=\"https:\/\/www.amazon.de\/gp\/product\/B07DP4WZ6R\/\">Amazon eBook<\/a>,\u00a0<a href=\"https:\/\/www.amazon.de\/Rebell-Schattengrenzen-2-Meurer-Tanja\/dp\/3903238104\">Amazon Printausgabe<\/a><\/p>\n<p><strong>Grenzg\u00e4nger: Schattengrenzen 3<\/strong><\/p>\n<figure id=\"attachment_1685\" aria-describedby=\"caption-attachment-1685\" style=\"width: 210px\" class=\"wp-caption alignleft\"><img loading=\"lazy\" decoding=\"async\" class=\"size-medium wp-image-1685\" src=\"https:\/\/www.schattengrenzen.de\/wp-content\/uploads\/2023\/09\/Grenzgaenger_VS-210x300.png\" alt=\"Grenzg\u00e4nger - Schattengrenzen 3\" width=\"210\" height=\"300\" srcset=\"https:\/\/www.schattengrenzen.de\/wp-content\/uploads\/2023\/09\/Grenzgaenger_VS-210x300.png 210w, https:\/\/www.schattengrenzen.de\/wp-content\/uploads\/2023\/09\/Grenzgaenger_VS-717x1024.png 717w, https:\/\/www.schattengrenzen.de\/wp-content\/uploads\/2023\/09\/Grenzgaenger_VS-768x1097.png 768w, https:\/\/www.schattengrenzen.de\/wp-content\/uploads\/2023\/09\/Grenzgaenger_VS-1076x1536.png 1076w, https:\/\/www.schattengrenzen.de\/wp-content\/uploads\/2023\/09\/Grenzgaenger_VS-1434x2048.png 1434w, https:\/\/www.schattengrenzen.de\/wp-content\/uploads\/2023\/09\/Grenzgaenger_VS-300x428.png 300w, https:\/\/www.schattengrenzen.de\/wp-content\/uploads\/2023\/09\/Grenzgaenger_VS-850x1214.png 850w\" sizes=\"auto, (max-width: 210px) 100vw, 210px\" \/><figcaption id=\"caption-attachment-1685\" class=\"wp-caption-text\">Schattengrenzen III \u2013 Grenzg\u00e4nger<br \/>\u00a9Homo Littera, 2023<\/figcaption><\/figure>\n<p><strong>Klappentext:<\/strong><br \/>\nOliver l\u00e4sst sich auf das riskante Unterfangen ein, Beweise f\u00fcr Amman Aboutreikas Schuld im Mordfall an seiner Familie zu finden. Gemeinsam mit seinen Br\u00fcdern Michael und Christian zieht er in die Aboutreika-Villa. Doch die Grenzen zur Geisterwelt sind in dem Anwesen ungew\u00f6hnlich d\u00fcnn und verschwommen, sodass er schon bald orientierungslos zwischen der Welt der Lebenden und der Welt der Toten wandelt. Auch Ammans Pl\u00e4ne sind nicht durchschaubar, so zeigt dieser von der ersten Minute ihres Eintreffens an seine dunkle Seite. Schon bald schweben nicht nur Oliver und seine Br\u00fcder in Gefahr, sondern auch f\u00fcr Kommissar Daniel Kuhn und dessen Kollegen spitzt sich die Lage zu \u2026<\/p>\n<p><strong>Angaben zum Buch<\/strong><br \/>\nTaschenbuch, 300 Seiten<br \/>\nISBN Printausgabe: 978-3-99144-028-4<br \/>\nISBN pdf: 978-3-99144-029-1<br \/>\nISBN ePub: 978-3-99144-030-7<br \/>\nISBN PRC\/Mobi: 978-3-99144-031-4<br \/>\nErscheinungstermin: 10.10.2023<\/p>\n<p>Preis eBook: 6,99 \u20ac<br \/>\nPreis Print: 15,46 \u20ac<\/p>\n<p><a href=\"https:\/\/www.homolittera.com\/deutsch\/Werke\/Grenzgaenger.php\">Homo Littera<\/a>, <a href=\"https:\/\/www.amazon.de\/Grenzg%C3%A4nger-Schattengrenzen-3-Tanja-Meurer-ebook\/dp\/B0CKWHH3XD\" target=\"_blank\" rel=\"noopener\">Amazon eBook<\/a>, <a href=\"https:\/\/www.amazon.de\/Grenzg%C3%A4nger-Schattengrenzen-3-Meurer-Tanja\/dp\/3991440288\" target=\"_blank\" rel=\"noopener\">Amazon Printausgabe<\/a><\/p>\n<p><strong>Freigeist: Schattengrenzen 4<\/strong><\/p>\n<figure id=\"attachment_1689\" aria-describedby=\"caption-attachment-1689\" style=\"width: 213px\" class=\"wp-caption alignleft\"><img loading=\"lazy\" decoding=\"async\" class=\"size-medium wp-image-1689\" src=\"https:\/\/www.schattengrenzen.de\/wp-content\/uploads\/2023\/09\/Cover_Freigeist-213x300.png\" alt=\"Freigeist - Schattengrenzen 4\" width=\"213\" height=\"300\" srcset=\"https:\/\/www.schattengrenzen.de\/wp-content\/uploads\/2023\/09\/Cover_Freigeist-213x300.png 213w, https:\/\/www.schattengrenzen.de\/wp-content\/uploads\/2023\/09\/Cover_Freigeist-300x423.png 300w, https:\/\/www.schattengrenzen.de\/wp-content\/uploads\/2023\/09\/Cover_Freigeist.png 638w\" sizes=\"auto, (max-width: 213px) 100vw, 213px\" \/><figcaption id=\"caption-attachment-1689\" class=\"wp-caption-text\">Schattengrenzen IV &#8211; Freigeist<br \/>\u00a9Homo Littera 2023<\/figcaption><\/figure>\n<p><strong>Klappentext:<\/strong><br \/>\nDurch die Hilfe des Kommissars Daniel Kuhn k\u00f6nnen Oliver und seine Br\u00fcder Michael und Christian vor einem weiteren Geisterangriff in der Villa Aboutreika fl\u00fcchten \u2013 doch nicht ohne Konsequenzen. Amman Aboutreika zieht alle F\u00e4den und scheint ihnen immer einen Schritt voraus zu sein. In seinem Sanctum hinter den Spiegeln wirkt er unverwundbar. Als Daniel und sein Kollege Matthias Habicht auf unbestimmte Zeit suspendiert werden, scheint die Lage aussichtslos. Oliver bleibt nichts anderes \u00fcbrig, als sich seinen \u00c4ngsten zu stellen und Aboutreika in die Geisterwelt zu folgen \u2026<\/p>\n<p><strong>Angaben zum Buch<\/strong><br \/>\nTaschenbuch, 340 Seiten, Ma\u00dfe: 14,8 * 21 cm<br \/>\nISBN Printausgabe: 978-3-99144-032-1<br \/>\nISBN pdf: 978-3-99144-033-8<br \/>\nISBN ePub: 978-3-99144-034-5<br \/>\nISBN PRC\/Mobi: 978-3-99144-035-2<br \/>\nErscheinungstermin: 2023 \/ 2024<\/p>\n<p>Preis eBook: 6,99 \u20ac<br \/>\nPreis Print: 17,00 \u20ac<\/p>\n<p><a href=\"https:\/\/www.homolittera.com\/deutsch\/Werke\/Freigeist.php\">Homo Littera<\/a>, <a href=\"https:\/\/www.amazon.de\/Freigeist-Schattengrenzen-4-Tanja-Meurer\/dp\/3991440326\" target=\"_blank\" rel=\"noopener\">Amazon eBook<\/a>, <a href=\"https:\/\/www.amazon.de\/Freigeist-Schattengrenzen-4-Tanja-Meurer\/dp\/3991440326?ref_=ast_author_dp&amp;dib=eyJ2IjoiMSJ9.lOX19sJKxigihF-zcR-CDIsgHkqe0DhH3BLOURmbeFTUW3jlJuy9FRMtHfjYDEHtnQBwmg_1TflCBF1bxDI8wVuFy93Z_vXiBziEUuLnLxAshKY9A0RLy3gf7ovNxSWTew2SKXpwGFWRGooyuuKkGiZV0YevH87L33UXEbgYRajs-HN55cqIWvRGY-mwboVgRsQonvmMtEwHtaFPYHL7mQZsmjQ1SMQ4ROPBqUYyO4M.--qz7NZNl6HvMg_z8mu6lRk0P13VNx67EpZu6yeYR18&amp;dib_tag=AUTHOR\" target=\"_blank\" rel=\"noopener\">Amazon Print<\/a><\/p>\n<p><strong>In Arbeit:<\/strong><br \/>\n&#8211; Jenseits der Hoffnung, in \u00dcberarbeitung \/ Neuinterpretation (Oliver und Daniel)<br \/>\n&#8211; Puppenhaus, in Arbeit (Oliver und Daniel \/ Theresa und Camilla)<strong><br \/>\n<\/strong>&#8211; Darkside, in Arbeit (Till und Tim)<br \/>\n&#8211; Unstillbarer Hunger<br \/>\n&#8211; Fluchbeladen, geplant (Oliver und Jamal)<br \/>\n&#8211; Nachtzauber, in \u00dcberarbeitung \/ Neuplanung (Konstantin und Walter)<br \/>\n&#8211; Sieben S\u00fcnden, in Neuplanung<\/p>\n","protected":false},"excerpt":{"rendered":"<p>Schattengrenzen ist eine Mystery-Thriller-Reihe, deren Anfang der Einzelband Glasseelen gemacht hat. 2010 entstand die erste Version des Romans im Auftrag einer Literaturagentur mit der Vorgabe, dass das Buch in Berlin spielen sollte und die Location der Museumsinsel und der Berliner Unterwelten vorkommen sollten. Nach vielen von der Agentur\u00a0abgelehnten Basis-Ideen, stand die Grundstory um das Geheimnis&#8230;<\/p>\n","protected":false},"author":1,"featured_media":0,"parent":1096,"menu_order":1,"comment_status":"closed","ping_status":"closed","template":"","meta":{"footnotes":""},"class_list":["post-1158","page","type-page","status-publish","hentry"],"jetpack_sharing_enabled":true,"_links":{"self":[{"href":"https:\/\/www.schattengrenzen.de\/index.php?rest_route=\/wp\/v2\/pages\/1158","targetHints":{"allow":["GET"]}}],"collection":[{"href":"https:\/\/www.schattengrenzen.de\/index.php?rest_route=\/wp\/v2\/pages"}],"about":[{"href":"https:\/\/www.schattengrenzen.de\/index.php?rest_route=\/wp\/v2\/types\/page"}],"author":[{"embeddable":true,"href":"https:\/\/www.schattengrenzen.de\/index.php?rest_route=\/wp\/v2\/users\/1"}],"replies":[{"embeddable":true,"href":"https:\/\/www.schattengrenzen.de\/index.php?rest_route=%2Fwp%2Fv2%2Fcomments&post=1158"}],"version-history":[{"count":13,"href":"https:\/\/www.schattengrenzen.de\/index.php?rest_route=\/wp\/v2\/pages\/1158\/revisions"}],"predecessor-version":[{"id":1706,"href":"https:\/\/www.schattengrenzen.de\/index.php?rest_route=\/wp\/v2\/pages\/1158\/revisions\/1706"}],"up":[{"embeddable":true,"href":"https:\/\/www.schattengrenzen.de\/index.php?rest_route=\/wp\/v2\/pages\/1096"}],"wp:attachment":[{"href":"https:\/\/www.schattengrenzen.de\/index.php?rest_route=%2Fwp%2Fv2%2Fmedia&parent=1158"}],"curies":[{"name":"wp","href":"https:\/\/api.w.org\/{rel}","templated":true}]}}